nd 160.
10
Calculate the highest common divisor of 62 and 248.
62
What is the greatest common divisor of 15 and 5?
5
What is the greatest common divisor of 178 and 9434?
178
Calculate the highest common divisor of 2808 and 54.
54
What is the greatest common factor of 162 and 468?
18
What is the greatest common divisor of 434 and 98?
14
Calculate the greatest common factor of 22 and 1837.
11
What is the greatest common divisor of 150 and 60?
30
Calculate the greatest common factor of 7425 and 1100.
275
Calculate the highest common factor of 2800 and 7350.
350
What is the highest common divisor of 748 and 56?
4
Calculate the highest common factor of 2175 and 58.
29
Calculate the greatest common divisor of 26895 and 330.
165
Calculate the highest common factor of 6610 and 10.
10
Calculate the greatest common divisor of 82 and 22222.
82
Calculate the greatest common divisor of 15 and 705.
15
Calculate the greatest common divisor of 2090 and 2.
2
Calculate the highest common divisor of 645 and 172.
43
Calculate the greatest common divisor of 130 and 26.
26
Calculate the highest common factor of 5 and 13.
1
Calculate the greatest common divisor of 189 and 12.
3
Calculate the highest common factor of 16614 and 234.
234
Calculate the greatest common divisor of 871 and 39.
13
Calculate the highest common factor of 10 and 4090.
10
Calculate the greatest common factor of 248 and 310.
62
What is the greatest common divisor of 5 and 1755?
5
Calculate the greatest common divisor of 29 and 841.
29
What is the greatest common factor of 104 and 8424?
104
Calculate the highest common divisor of 232 and 392.
8
Calculate the highest common factor of 2050 and 100.
50
What is the greatest common divisor of 10 and 290?
10
What is the greatest common divisor of 10060 and 20?
20
What is the highest common factor of 3 and 33?
3
Calculate the greatest common factor of 35 and 10.
5
Calculate the highest common divisor of 1176 and 154.
14
What is the greatest common factor of 1068 and 24?
12
What is the greatest common divisor of 8 and 248?
8
Calculate the highest common divisor of 39 and 27014.
13
Calculate the greatest common divisor of 2864 and 416.
16
What is the greatest common divisor of 1648 and 103?
103
What is the highest common factor of 4 and 212?
4
What is the greatest common factor of 24 and 520?
8
What is the highest common divisor of 24 and 468?
12
What is the highest common divisor of 27 and 864?
27
What is the highest common factor of 233 and 1?
1
Calculate the highest common factor of 84 and 1236.
12
Calculate the greatest common factor of 1691 and 178.
89
What is the greatest common factor of 15609 and 242?
121
What is the greatest common divisor of 180 and 5320?
20
What is the greatest common divisor of 403 and 31?
31
What is the highest common divisor of 51 and 3026?
17
Calculate the greatest common divisor of 29 and 1.
1
What is the highest common factor of 938 and 28?
14
What is the greatest common divisor of 31 and 434?
31
What is the highest common factor of 41 and 533?
41
What is the greatest common factor of 460 and 20?
20
Calculate the highest common divisor of 4681 and 775.
31
What is the highest common divisor of 319 and 87?
29
Calculate the greatest common divisor of 1496 and 51.
17
Calculate the highest common divisor of 161 and 7.
7
What is the greatest common divisor of 326 and 163?
163
What is the greatest common divisor of 306 and 18?
18
What is the highest common factor of 576 and 832?
64
What is the highest common factor of 11540 and 20?
20
Calculate the highest common divisor of 616 and 77.
77
What is the greatest common factor of 1917 and 284?
71
What is the greatest common factor of 147 and 63?
21
Calculate the highest common divisor of 585 and 40.
5
Calculate the greatest common factor of 1 and 43.
1
Calculate the greatest common divisor of 816 and 48.
48
Calculate the highest common divisor of 56 and 63.
7
What is the highest common factor of 67 and 134?
67
What is the greatest common factor of 292 and 32?
4
Calculate the highest common divisor of 4346 and 53.
53
What is the highest common factor of 515 and 618?
103
What is the greatest common divisor of 581 and 415?
83
What is the highest common divisor of 348 and 8?
4
What is the highest common factor of 16 and 4824?
8
Calculate the greatest common divisor of 20 and 224.
4
What is the greatest common factor of 650 and 195?
65
Calculate the highest common factor of 15 and 294.
3
What is the highest common factor of 36 and 312?
12
What is the highest common factor of 1 and 6?
1
What is the greatest common divisor of 770 and 105?
35
Calculate the highest common divisor of 16 and 424.
8
What is the greatest common divisor of 564 and 108?
12
What is the highest common divisor of 16 and 18?
2
Calculate the highest common divisor of 10 and 1015.
5
What is the greatest common factor of 12 and 32?
4
Calculate the highest common divisor of 2475 and 675.
225
What is the greatest common divisor of 30 and 22935?
15
Calculate the highest common divisor of 13 and 689.
13
What is the greatest common factor of 33 and 2211?
33
What is the greatest common divisor of 987 and 2256?
141
What is the highest common divisor of 684 and 252?
36
What is the highest common factor of 520 and 120?
40
What is the greatest common factor of 539 and 44?
11
What is the highest common divisor of 231 and 413?
7
Calculate the highest common divisor of 178 and 267.
89
What is the greatest common divisor of 7654 and 178?
178
What is the highest common divisor of 110 and 385?
55
Calculate the greatest common factor of 51 and 15.
3
What is the greatest common divisor of 766 and 2?
2
What is the greatest common factor of 346 and 6?
2
Calculate the highest common divisor of 30 and 1875.
15
What is the highest common divisor of 165 and 3?
3
Calculate the highest common factor of 2610 and 30.
30
Calculate the greatest common divisor of 90 and 558.
18
What is the greatest common divisor of 300 and 25?
25
What is the greatest common divisor of 384 and 732?
12
Calculate the highest common divisor of 33 and 3289.
11
What is the greatest common divisor of 6 and 28536?
6
What is the highest common divisor of 50 and 75?
25
Calculate the greatest common factor of 10416 and 28.
28
Calculate the greatest common factor of 17 and 289.
17
Calculate the highest common factor of 455 and 35.
35
What is the greatest common divisor of 14484 and 204?
204
Calculate the highest common divisor of 128 and 96.
32
Calculate the greatest common factor of 1162 and 518.
14
Calculate the greatest common factor of 102 and 442.
34
What is the greatest common divisor of 36 and 3708?
36
Calculate the greatest common divisor of 170 and 85.
85
What is the greatest common factor of 124 and 434?
62
What is the greatest common divisor of 14 and 119?
7
Calculate the greatest common divisor of 6534 and 54.
54
Calculate the greatest common factor of 66 and 198.
66
Calculate the highest common factor of 36 and 44.
4
Calculate the highest common divisor of 130 and 11258.
26
Calculate the highest common divisor of 3122 and 42.
14
Calculate the greatest common factor of 297 and 66.
33
Calculate the greatest common divisor of 7298 and 89.
89
Calculate the highest common divisor of 12760 and 44.
44
What is the highest common factor of 102 and 51?
51
Calculate the greatest common divisor of 12209 and 319.
29
Calculate the highest common divisor of 32 and 176.
16
What is the highest common divisor of 759 and 69?
69
Calculate the highest common factor of 24 and 204.
12
What is the highest common divisor of 50 and 40?
10
What is the highest common factor of 94 and 282?
94
What is the highest common divisor of 22 and 18?
2
Calculate the highest common divisor of 427 and 61.
61
Calculate the greatest common divisor of 460 and 20.
20
Calculate the greatest common factor of 13 and 299.
13
What is the highest common divisor of 266 and 38?
38
Calculate the highest common factor of 20 and 13820.
20
Calculate the highest common factor of 25 and 525.
25
Calculate the highest common factor of 104 and 3224.
104
What is the greatest common divisor of 132 and 7194?
66
Calculate the highest common divisor of 215 and 172.
43
Calculate the highest common divisor of 87 and 10614.
87
Ca